0).
16
Let k(r) = 164*r - 1473. Calculate k(9).
3
Let r(c) = -c**2 - 27*c + 78. What is r(-26)?
104
Let p(m) = 12*m**2 + 68*m + 53. Determine p(-1).
-3
Let w(l) = -594*l - 1775. Give w(-3).
7
Let n(l) = -1254*l + 9779. Calculate n(8).
-253
Let f(j) = 30*j - 312. What is f(9)?
-42
Let s(n) = -99*n - 1136. Calculate s(-12).
52
Let s(j) = -j**3 + 338*j**2 + 284*j + 18641. Calculate s(339).
-4
Let k(x) = 87*x - 121. Determine k(0).
-121
Let y(m) = 12*m + 94. Give y(-7).
10
Let a(d) = 5*d**2 - 217*d + 27. Calculate a(44).
159
Let q(g) = 144*g - 29. Determine q(-3).
-461
Let q(t) = -t**2 - 76*t + 8760. Give q(-139).
3
Let j(t) = -76*t + 1009. Calculate j(12).
97
Let m(g) = -6*g**2 + 49*g - 55. Determine m(8).
-47
Let m(l) = l**2 + 14*l - 49. Calculate m(4).
23
Let x(w) = -7*w**2 - 30*w - 59. Give x(-2).
-27
Let b(h) = 2*h**2 + 106*h + 824. Calculate b(-10).
-36
Let h(s) = -2*s**3 - 4*s**2 + 11*s - 8. Calculate h(2).
-18
Let a(l) = -57*l + 19. What is a(0)?
19
Let v(d) = -d**3 - 14*d**2 + 17*d + 2. Determine v(-15).
-28
Let x(q) = -q**3 - 18*q**2 + 16*q - 483. Determine x(-20).
-3
Let q(k) = 158*k**2 - 16*k - 16. Determine q(-1).
158
Let f(o) = o**2 - 23*o + 36. Determine f(18).
-54
Let o(j) = -2*j**3 - 58*j**2 - 396*j - 2. Calculate o(-18).
-2
Let w(s) = 36*s - 22. Give w(1).
14
Let h(g) = -g**2 - 28*g - 198. What is h(-20)?
-38
Let c(t) = 2*t**3 - 46*t**2 + 2*t - 45. Determine c(23).
1
Let p(g) = 950*g - 98804. Give p(104).
-4
Let o(z) = -289*z + 3. What is o(-1)?
292
Let k(q) = -112*q + 1750. What is k(14)?
182
Let o(j) = 34*j**3 + 5*j**2 - 1. Give o(1).
38
Let v(c) = c**3 - 6*c**2 - 11*c + 29. Determine v(7).
1
Let g(u) = -763*u - 747. Calculate g(-1).
16
Let n(w) = -20*w + 460. What is n(22)?
20
Let o(d) = -9*d - 3. Calculate o(3).
-30
Let b(g) = -34*g**2 - 16*g + 2. Calculate b(2).
-166
Let q(r) = -9*r**2 - 66*r + 32. What is q(-7)?
53
Let v(y) = y**3 + 28*y**2 + 36*y + 42. Calculate v(-27).
-201
Let i(u) = -63*u + 107. Determine i(2).
-19
Let t(f) = 2*f**2 + 16*f + 20. Calculate t(-2).
-4
Let o(k) = 5*k**2 - 390*k - 32. Calculate o(78).
-32
Let z(h) = 31*h + 156. Calculate z(-4).
32
Let c(g) = -g**2 - 68*g - 1135. Determine c(-42).
-43
Let b(h) = -96*h**2 - 24*h - 33. Determine b(-2).
-369
Let m(g) = -g**2 + 94*g + 2018. Calculate m(112).
2
Let q(h) = 1826*h + 71209. Give q(-39).
-5
Let s(b) = 7*b - 144. What is s(17)?
-25
Let s(g) = 10*g + 141. Give s(-12).
21
Let c(b) = -b**3 - 3*b**2 + 107*b + 27. Calculate c(-12).
39
Let a(v) = v**3 + 28*v**2 - 8*v + 10. Determine a(0).
10
Let l(j) = 2159*j - 12883. What is l(6)?
71
Let a(s) = -s**3 - 34*s**2 + 111*s + 2666. What is a(-35)?
6
Let x(w) = -2*w**2 - 89*w - 976. What is x(-21)?
11
Let v(d) = -548*d + 1554. Calculate v(3).
-90
Let k(v) = 161*v + 142. Calculate k(-7).
-985
Let x(q) = q**2 - q - 44. Give x(-6).
-2
Let u(q) = -12*q**3 - 2*q**2 + 12*q - 10. Determine u(1).
-12
Let r(f) = -f**3 - 59*f**2 - 784*f + 51. Determine r(-20).
131
Let g(a) = -a**2 + 380*a - 754. What is g(2)?
2
Let k(o) = -18*o**2 - 539*o + 14. Give k(-30).
-16
Let v(s) = -75*s - 1556. Calculate v(-18).
-206
Let n(x) = 289*x - 1158. Give n(4).
-2
Let g(c) = -315*c + 5681. What is g(18)?
11
Let i(s) = s**2 + 400*s + 5341. Give i(-14).
-63
Let x(y) = 124*y**2 + 8*y + 8. What is x(-1)?
124
Let y(l) = -l**3 + 11*l**2 - 8*l - 116. Give y(8).
12
Let b(g) = 2*g**3 + 48*g**2 + 46*g - 40. Calculate b(-23).
-40
Let j(c) = -25*c + 1070. Determine j(43).
-5
Let k(b) = -27*b - 367. Determine k(-17).
92
Let y(n) = -2*n**3 - 8*n**2 - 15*n - 85. What is y(-6)?
149
Let p(o) = 49*o**3 + 3*o**2 - 12*o + 10. Give p(1).
50
Let o(v) = -35*v - 279. Determine o(-25).
596
Let v(o) = -417*o + 200. Determine v(2).
-634
Let l(a) = 2*a**2 - 45*a + 13. Calculate l(0).
13
Let r(u) = 5*u**2 - 75*u - 6. Determine r(15).
-6
Let h(i) = 3*i**2 - 15*i - 51. Determine h(8).
21
Let v(i) = -2*i**3 - 2*i**2 + 62*i + 224. Calculate v(-4).
72
Let w(i) = i**3 - 6*i**2 - 566*i - 32. Calculate w(27).
-5
Let u(a) = -20*a**2 - 87*a + 8. What is u(-5)?
-57
Let q(y) = -279*y + 835. What is q(3)?
-2
Let p(l) = -903*l - 12647. Determine p(-14).
-5
Let f(w) = -w**3 - 16*w**2 + 15*w - 30. What is f(-17)?
4
Let n(l) = 143*l + 713. Calculate n(-5).
-2
Let u(s) = s**2 + 15*s + 44. Determine u(-9).
-10
Let t(x) = -2*x**3 - 26*x**2 + 33*x + 33. Give t(-15).
438
Let t(z) = -10*z**2 - 545*z - 781. What is t(-53)?
14
Let n(l) = -250*l + 6775. What is n(27)?
25
Let d(r) = -93*r + 177. Give d(3).
-102
Let h(j) = -447*j + 2874. Determine h(7).
-255
Let n(o) = -19*o - 383. What is n(-21)?
16
Let k(j) = j**3 - 12*j**2 + 39*j - 258. Calculate k(11).
50
Let t(j) = -j**2 - 64*j - 887. Give t(-45).
-32
Let r(t) = -t**2 - 77*t + 345. Calculate r(-81).
21
Let w(d) = -d**2 + 36*d - 375. Calculate w(11).
-100
Let f(k) = -k**3 - 22*k**2 + 8*k - 36. Determine f(-22).
-212
Let n(z) = -z**3 - 4*z**2 + 2*z - 9. Calculate n(0).
-9
Let r(l) = -l**3 - 7*l**2 + 54. Determine r(-6).
18
Let g(k) = 1375*k - 10995. Determine g(8).
5
Let l(t) = -2*t**2 + 161*t - 288. Calculate l(78).
102
Let v(q) = -188*q + 121. Calculate v(2).
-255
Let t(p) = 2*p**3 + 129*p**2 + 65*p + 52. Calculate t(-64).
-12
Let t(v) = 2*v**3 + 81*v**2 - 126*v - 8. Give t(-42).
-8
Let s(m) = m**3 + 56*m**2 - 54*m + 43. Calculate s(-57).
-128
Let g(v) = -22*v**2 + 346*v + 102. What is g(16)?
6
Let o(n) = 309*n - 12. What is o(0)?
-12
Let y(s) = -s**3 - 192*s**2 - 1119*s + 3. Calculate y(-6).
21
Let w(n) = 45*n + 281. Give w(5).
506
Let a(k) = -2*k**3 - 76*k**2 + 76*k - 78. Determine a(-39).
0
Let r(m) = -8*m**2 - 311*m + 355. Calculate r(-40).
-5
Let y(k) = -3569*k + 10703. Calculate y(3).
-4
Let r(g) = 6103*g + 42735. What is r(-7)?
14
Let b(g) = g**3 + 10*g**2 - 57*g - 251. Give b(-13).
-17
Let o(k) = -k**3 - 18*k**2 - 33*k - 22. Determine o(-13).
-438
Let y(r) = r**2 + 229*r + 884. Calculate y(-4).
-16
Let m(c) = -15*c + 45. Give m(1).
30
Let u(y) = y**2 + 4*y - 20. What is u(2)?
-8
Let t(j) = 5*j**2 - 3*j + 12. What is t(6)?
174
Let j(b) = b**3 - 78*b**2 - 2*b + 164. Calculate j(78).
8
Let w(a) = a**2 - 108*a + 3006. Give w(55).
91
Let a(t) = -926*t + 5459. Give a(6).
-97
Let j(y) = -82*y + 1820. Calculate j(24).
-148
Let b(x) = -211*x - 14. Determine b(0).
-14
Let v(r) = -18*r - 248. What is v(-8)?
-104
Let o(t) = -2*t**3 - 36*t**2 - 64*t + 1. Determine o(-16).
1
Let q(w) = 2*w**2 + 7*w + 10. Give q(4).
70
Let h(v) = -226*v - 6329. Determine h(-28).
-1
Let h(y) = 4*y**2 + 138*y - 80. Determine h(-34).
-148
Let b(u) = u**2 - 6849*u + 20530. What is b(3)?
-8
Let h(i) = 24*i**2 - 2*i + 10. Calculate h(3).
220
Let w(s) = -s**2 - 9*s + 39. Determine w(3).
3
Let u(n) = -39*n - 159. What is u(-7)?
114
Let n(j) = -124*j + 10908. Calculate n(88).
-4
Let v(l) = -l**3 - 63*l**2 - 48*l + 709. What is v(-62)?
-159
Let y(q) = 70*q**2 - 62*q + 7. Determine y(1).
15
Let s(q) = 5096*q - 30581. Determine s(6).
-5
Let l(w) = -6*w**2 + 61*w - 50. Calculate l(14).
-372
Let n(w) = -25*w + 139. Give n(5).
14
Let l(g) = -2*g**2 - 91*g - 117. What is l(-40)?
323
Let v(c) = 3*c**3 + 397*c**2 + 133*c + 127. Calculate v(-132).
-5
Let h(n) = -222*n + 21. Determine h(0).
21
Let s(g) = -113*g + 2154. Calculate s(16).
346
Let a(w) = -w**2 + 35*w - 32. What is a(13)?
254
Let n(i) = -i**2 - 31*i + 71. Calculate n(-34).
-31
Let v(o) = o**2 - 1796*o + 19664. Give v(11).
29
Let o(r) = -10*r**2 - r + 34. Give o(5).
-221
Let j(t) = 13*t + 810. Give j(-63).
-9
Let f(z) = 4*z - 22. What is f(24)?
74
Let i(j) = -244*j**2 + 2432*j + 94. Give i(10).
14
Let s(v) = 67*v - 890. What is s(13)?
-19
Let k(m) = -6*m - 317. Calculate k(-43).
-59
Let w(g) = -45*g + 39. What is w(1)?
-6
Let w(f) = -3938*f + 13. What is w(0)?
13
Let r(p) = 12*p**2 - 1017*p - 289. Calculate r(85).
-34
Let g(m) = 204*m + 397. What is g(-2)?
-11
Let q(o) = -241*o**3 - 3*o**2 + 5*o - 1. Calculate q(1).
-240
Let i(z) = -2*z + 103. What is i(24)?
55
Let d(f) = 280*f - 39. What is d(1)?
241
Let w(d) = -d**3 + 91*d**2 - 2042*d + 60. Determine w(51).
-42
Let c(v) = -v**3 + 12*v**2 - 29*v - 15. Calculate c(8).
9
Let z(h) = 4*h**2 - 43*h + 6. Calculate z(2).
-64
Let b(h) = 15*h - 56. Calculate b(2).
-26
Let r(c) = -c**3 + 2*c**2 - 51*c + 319. Determine r(5).
-11
Let d(b) = -2*b**2 - 57*b - 56. Calculate d(-28).
-